divisor of 27 and 1647.
27
Calculate the greatest common factor of 48 and 144.
48
What is the highest common divisor of 6501 and 33?
33
What is the highest common divisor of 64 and 128?
64
Calculate the highest common divisor of 8 and 2504.
8
What is the highest common factor of 168 and 1134?
42
What is the greatest common factor of 63 and 1071?
63
Calculate the greatest common divisor of 220 and 528.
44
Calculate the greatest common factor of 1311 and 69.
69
What is the greatest common divisor of 219 and 16?
1
Calculate the greatest common factor of 17 and 680.
17
Calculate the greatest common divisor of 24 and 384.
24
What is the greatest common factor of 1053 and 1638?
117
Calculate the greatest common factor of 33 and 21.
3
What is the greatest common divisor of 180 and 100?
20
What is the highest common factor of 680 and 480?
40
Calculate the greatest common divisor of 188 and 16.
4
Calculate the greatest common divisor of 17 and 51.
17
What is the greatest common factor of 504 and 1890?
126
Calculate the highest common factor of 1536 and 64.
64
Calculate the highest common factor of 12 and 2148.
12
Calculate the highest common divisor of 15375 and 123.
123
Calculate the greatest common factor of 4459 and 21.
7
Calculate the greatest common divisor of 32542 and 106.
106
Calculate the highest common factor of 53 and 424.
53
What is the highest common divisor of 22412 and 52?
52
Calculate the greatest common divisor of 60 and 465.
15
Calculate the greatest common factor of 232 and 8932.
116
What is the greatest common divisor of 130 and 377?
13
What is the highest common divisor of 4 and 4?
4
What is the highest common factor of 186 and 93?
93
Calculate the highest common factor of 13 and 1703.
13
Calculate the highest common factor of 27638 and 39.
13
Calculate the greatest common factor of 231 and 6237.
231
What is the highest common divisor of 121 and 198?
11
What is the highest common factor of 56 and 128?
8
Calculate the greatest common factor of 8 and 296.
8
Calculate the greatest common factor of 246 and 6.
6
What is the greatest common divisor of 2280 and 152?
152
What is the greatest common divisor of 243 and 48?
3
Calculate the highest common factor of 6784 and 53.
53
What is the highest common divisor of 46 and 460?
46
What is the highest common divisor of 96 and 4104?
24
What is the greatest common factor of 85 and 3485?
85
Calculate the highest common divisor of 77 and 91.
7
What is the highest common divisor of 5353 and 202?
101
What is the highest common divisor of 64 and 176?
16
Calculate the highest common divisor of 21 and 987.
21
What is the greatest common factor of 22 and 6754?
22
What is the highest common factor of 132 and 2076?
12
What is the greatest common factor of 100 and 12?
4
What is the highest common divisor of 19 and 38?
19
Calculate the highest common divisor of 50 and 14050.
50
Calculate the greatest common factor of 20 and 70.
10
Calculate the greatest common factor of 1998 and 1296.
54
What is the greatest common factor of 256 and 576?
64
What is the greatest common divisor of 255 and 705?
15
Calculate the greatest common divisor of 650 and 50.
50
What is the highest common factor of 135 and 22095?
45
What is the highest common factor of 208 and 559?
13
Calculate the greatest common divisor of 2838 and 66.
66
What is the highest common factor of 4672 and 73?
73
Calculate the highest common divisor of 28462 and 14.
14
What is the highest common divisor of 42 and 21?
21
Calculate the greatest common divisor of 382 and 107342.
382
What is the highest common divisor of 248 and 128?
8
What is the greatest common factor of 2185 and 19?
19
What is the greatest common divisor of 198 and 22?
22
What is the greatest common factor of 495 and 120?
15
Calculate the greatest common divisor of 36400 and 52.
52
What is the greatest common divisor of 24 and 968?
8
What is the greatest common divisor of 1066 and 182?
26
Calculate the highest common factor of 60 and 270.
30
What is the greatest common divisor of 20 and 20660?
20
What is the greatest common factor of 4 and 668?
4
Calculate the greatest common divisor of 49252 and 28.
28
What is the greatest common divisor of 43 and 817?
43
Calculate the greatest common factor of 12728 and 43.
43
What is the greatest common factor of 344 and 258?
86
What is the greatest common factor of 215 and 5?
5
What is the greatest common divisor of 52 and 3172?
52
Calculate the greatest common factor of 190 and 16435.
95
What is the greatest common divisor of 1740 and 60?
60
What is the greatest common factor of 85 and 289?
17
What is the greatest common factor of 48 and 272?
16
What is the greatest common factor of 70 and 77?
7
Calculate the greatest common divisor of 19 and 38.
19
What is the greatest common factor of 481 and 37?
37
What is the highest common factor of 684 and 76?
76
What is the highest common divisor of 56 and 3122?
14
Calculate the greatest common factor of 637 and 49.
49
What is the highest common divisor of 37625 and 602?
301
What is the greatest common factor of 1222 and 52?
26
What is the greatest common factor of 704 and 44?
44
What is the highest common divisor of 169 and 13?
13
What is the greatest common factor of 52 and 8567?
13
What is the highest common factor of 1120 and 1040?
80
What is the highest common factor of 42 and 5502?
42
Calculate the greatest common divisor of 48 and 18888.
24
Calculate the highest common factor of 392 and 13426.
98
What is the highest common divisor of 1300 and 52?
52
Calculate the highest common divisor of 89 and 4183.
89
What is the highest common factor of 342 and 18?
18
Calculate the highest common divisor of 225 and 387.
9
Calculate the highest common divisor of 245 and 15.
5
Calculate the greatest common divisor of 30189 and 87.
87
What is the highest common factor of 2782 and 26?
26
Calculate the highest common divisor of 215 and 15.
5
Calculate the highest common factor of 216 and 252.
36
Calculate the greatest common divisor of 116 and 4292.
116
What is the highest common factor of 374 and 44?
22
Calculate the highest common factor of 42 and 11802.
42
Calculate the greatest common factor of 1890 and 7.
7
Calculate the highest common divisor of 3317 and 62.
31
Calculate the highest common factor of 2 and 392.
2
What is the greatest common factor of 1501 and 19?
19
Calculate the highest common divisor of 54 and 7641.
27
Calculate the highest common factor of 115 and 1357.
23
What is the highest common divisor of 168 and 1036?
28
Calculate the highest common divisor of 16975 and 14.
7
What is the highest common factor of 304 and 57?
19
Calculate the greatest common divisor of 45 and 171.
9
Calculate the greatest common divisor of 78 and 30.
6
Calculate the greatest common factor of 194 and 45202.
194
Calculate the greatest common divisor of 65 and 1625.
65
What is the greatest common divisor of 620 and 4?
4
Calculate the greatest common factor of 92 and 138.
46
What is the greatest common divisor of 29 and 1363?
29
What is the highest common divisor of 658 and 56?
14
What is the greatest common factor of 4351 and 19?
19
Calculate the highest common factor of 16 and 400.
16
Calculate the highest common factor of 1421 and 98.
49
What is the greatest common factor of 3908 and 4?
4
Calculate the greatest common factor of 510 and 1938.
102
Calculate the greatest common divisor of 294 and 6.
6
Calculate the highest common factor of 184 and 161.
23
Calculate the greatest common factor of 36 and 5274.
18
What is the greatest common factor of 1132 and 16?
4
What is the highest common divisor of 16 and 160?
16
What is the highest common divisor of 5624 and 304?
152
Calculate the greatest common factor of 112 and 7.
7
Calculate the greatest common factor of 6327 and 342.
171
What is the greatest common divisor of 60 and 1020?
60
Calculate the greatest common divisor of 128 and 736.
32
What is the highest common factor of 27 and 1179?
9
What is the highest common factor of 2626 and 26?
26
What is the highest common factor of 7811 and 535?
107
What is the highest common divisor of 117 and 72?
9
What is the greatest common factor of 492 and 328?
164
Calculate the greatest common factor of 61 and 1769.
61
What is the greatest c